Suppose 165 = 4*j - 2*m - 155, 0 = -4*j - 5*m + 348. Let r(z) = 40 - j + 47 + 2*z. Give r(-4).
-3
Let f(q) = -q**3 - 11*q**2 - 8*q + 2. Let o be 1/((-14 - -9)/45). Give f(o).
-88
Let w(r) = r**2 + 7*r + 1. Let a be (-4416)/(-21) - (-12)/(-42). Let c = 204 - a. Give w(c).
-5
Suppose 220*u + 73 = 73. Let s(h) = h**2 + 5*h - 155. Calculate s(u).
-155
Let k(s) = s**3 - 4*s**2 - 5*s - 10. Suppose -5*g + 149 = 4494. Let c = g + 874. Calculate k(c).
-10
Let c be (1 + 2 + -4)/(-1). Let f(a) = -2*a**2 - c - 5*a - 4*a - a**3 + 10*a + 3*a. Determine f(-3).
-4
Let h(f) = f**3 + 14*f**2 + 2*f + 2. Suppose 2*y - 5*p - 12 = -10, -4*y - 26 = -5*p. Give h(y).
-26
Let h(t) = -t + 8. Let u be h(4). Let i(m) = -m**3 + 10*m**2 + m. Let f be i(10). Let j(s) = 2 + 3*s**3 - 2*s**3 + 7*s - f*s - 3*s**2. Give j(u).
6
Let m = 2557 + -2561. Let u(k) = k**3 + 4*k**2 + 3*k + 3. Determine u(m).
-9
Suppose 5*r - 3*v = -8, 5*v + 32 = -r - 2*r. Let b(h) = 8*h. Let s be (-1)/1 + 3 + -7. Let f(j) = -9*j + 1. Let c(x) = s*f(x) - 6*b(x). Give c(r).
7
Let r(y) = y**3 - 3*y**2 + 3*y - 7. Let z be r(3). Let s(d) = 15 + 0*d**2 - 6 - 3*d**2 + 4*d**z + 7*d. Suppose -6*u + 2*u - 24 = 0. Determine s(u).
3
Let d(m) = 83*m**2 + 97*m - 125. Let w(a) = 20*a**2 + 24*a - 31. Let u(h) = -6*d(h) + 25*w(h). Give u(-10).
-5
Let r(w) = -5*w**3 + 2*w**2 - 1. Let l be r(1). Let b be (-5)/((-1)/(-3) - 12/9). Let x(z) = b + 0*z + z**2 + 14*z - 7*z. Give x(l).
-7
Let a(n) be the third derivative of n**7/840 + n**6/45 + 23*n**3/2 - 33*n**2. Let v(p) be the first derivative of a(p). What is v(-8)?
0
Suppose 5*r = -3*l + 22, r - 3*l - 12 = -22. Let s(i) = 4*i**r - i**2 - i**3 + 123*i + 5 - 117*i - 8 + 10. Calculate s(5).
-13
Let z(b) = b**2 + 47*b - 4. Let x be z(0). Let s(v) = -2*v**3 - 5 + 3*v**3 - 3*v - v + v**2 + 1. Determine s(x).
-36
Let r(w) = -4*w - 41. Let y = 368 - 374. Let a be 40/y*(-720)/(-400). Determine r(a).
7
Let o(z) be the second derivative of -z**4/12 + 6*z**3 - 207*z**2/2 - 1132*z. Calculate o(7).
-4
Let p(v) = v**2 + 77 + 14*v - 12*v - 6 + 26*v - 11. Calculate p(-24).
-36
Let t(l) = -l**3 + 8*l**2 + 8. Suppose 3*v + 2*d - 20 = 0, -57 - 47 = -14*v - 4*d. What is t(v)?
8
Let j(m) = -4*m**2 + 2 - m**2 - 6*m + m**3 + 0*m**3. Let d be ((-41)/(-205))/(1/10). Let o be 2*(-2 - (-3 - d)). Calculate j(o).
2
Let u(l) = 5*l**2 - 58*l - 28. Let d be 4/(-62) + 121924/10106. What is u(d)?
-4
Let x(q) be the third derivative of q**7/1680 - q**6/60 - q**5/60 + 17*q**4/24 - 24*q**2. Let n(j) be the third derivative of x(j). Give n(9).
15
Let j be (-3)/15*(-77 - -12). Let v(s) = -s**2 + 8*s + 71. Let m be v(j). Let b(y) = y**2 - 7*y + 7. What is b(m)?
1
Let b(s) = 342 + 42 - 642 + 65*s. Give b(4).
2
Let x(a) = -4*a**2 + 46*a + 20. Let k = -1808 - -1820. Give x(k).
-4
Let a = -5344 + 5334. Let y(w) = 6*w + 47. Give y(a).
-13
Suppose 6*r = 152 + 58. Suppose -254*a = -259*a + r. Let d(m) = -m**3 + 8*m**2 - 5*m - 12. Calculate d(a).
2
Let a(s) be the third derivative of -s**6/240 + 23*s**5/120 + s**4/12 - 10*s**3/3 + 37*s**2 + 2*s. Let o(y) be the second derivative of a(y). What is o(9)?
-4
Let a be (-126)/56 - 48/64. Let y(t) = -t - 2*t**2 + 7 - 4 - 2*t**2. Give y(a).
-30
Let c(n) = -2*n**3 + 24*n**2 - 2*n + 17. Suppose -1661 + 1349 = -26*j. Give c(j).
-7
Let d(v) be the third derivative of v**4/12 + v**3/6 + 7*v**2. Suppose 0 = 688*n - 716*n + 84. Give d(n).
7
Let c(u) be the first derivative of 4*u**3/3 - 2*u**2 - 7*u - 223. Calculate c(4).
41
Let a = 80 - 78. Let n(w) = -1 - 6 + 2*w**a - 2*w**2 - w**2. Determine n(0).
-7
Suppose 0 = -a - 4*a + 10. Let f(v) = -27 + 3*v**3 + 32 - a*v**3 + 5*v**2 + 6*v. Let k(w) = 13*w**2 + 50*w - 12. Let s be k(-4). Determine f(s).
-3
Let z be 1/((-11)/(-5) + -2). Let c(v) = 12*v - 10*v**2 - z*v + 3*v**2. Let f(r) = -6*r**2 + 6*r. Let d(a) = 5*c(a) - 6*f(a). Calculate d(1).
0
Let t = -6 + 1. Let k(n) = 3*n**2 - 2*n**2 - 1219*n - 1220*n - 1270*n - 12 + 3710*n. Determine k(t).
8
Let h(q) = -30*q**3 - 49*q**2 + 70*q - 37. Let d(g) = -11*g**3 - 16*g**2 + 24*g - 12. Let f(k) = -11*d(k) + 4*h(k). Calculate f(19).
-73
Let p be (-7 - -8)/((-2)/74). Let n(t) = 8*t - 5. Let s be n(-5). Let q = p - s. Let o(k) = -k**2 + 7*k + 9. Give o(q).
1
Suppose 27 = -x + 19*y - 14*y, -y + 25 = -3*x. Let b(c) = -1. Let u(a) = 3*a - 11 - 2*a**2 - 12*a - a + a**2. Let s(r) = 6*b(r) - u(r). Give s(x).
-16
Let h be (11/3 - 3)/((-14)/(-63)). Let v(l) = -l**3 - 3*l**2 + 5 - l**2 + 2*l**2 - 5*l**2 + 2*l + h*l**2. Calculate v(-5).
20
Let g(k) be the third derivative of k**4/12 - k**3/6 - 804*k**2. Let w = 10 - 6. Suppose 5*f - 40 = w*m - 3, 3*f - 3*m = 24. What is g(f)?
9
Let f(d) = 5*d**2 - 26*d + 23. Let n be f(4). Let s(o) = 37*o + 4. Determine s(n).
-33
Let h(b) = 45605*b**2 - 45606*b**2 + 2232*b - 2234*b. Let g(d) be the first derivative of d**3/3 - 2*d + 1. Let o be g(0). What is h(o)?
0
Let q be 3/2*(-208)/156. Let s(d) = -6*d**2 - 3*d - 3. Calculate s(q).
-21
Let q(f) = -f**3 - 8*f**2 - 7. Let j(w) = -w**3 - 7*w**2 - 5*w + 3. Let r be j(-5). Let b = r - -16. Let h be ((-36)/30)/(b/(-40)). Determine q(h).
-7
Let k(q) = 21*q**2 + 5*q + 26. Let a(n) = -73*n**2 - 9*n - 80. Let d(b) = -2*a(b) - 7*k(b). Give d(-16).
-6
Let l(j) = 3*j. Let u(r) = r. Let i(x) = 3*l(x) - 8*u(x). Let z(b) = -8*b. Let t(v) = -2*i(v) - z(v). Suppose 5*m = 2*m - 3. Determine t(m).
-6
Let c(t) = -8*t**2 - 2*t - 1. Suppose 6*v - 63 - 3 = 0. Suppose -4*o + v - 15 = 0. What is c(o)?
-7
Let n be (6 + -4)*1/(-1) - -3. Let l(u) be the second derivative of u**5/20 - u**3/3 + u**2/2 - 203*u. Calculate l(n).
0
Let x(l) = 7*l**2 + 4*l + 13. Let z(g) = -13*g + 2. Let i(m) = x(m) + z(m). Give i(2).
25
Let s(d) = -3*d - 1 + 235*d**2 - 4*d - 8 + 8 - 263*d**2. Determine s(-1).
-22
Let a(u) = -11*u**3 + 16*u**2 - 8*u + 19. Let g(c) = -5*c**3 - 7*c**2 - 4*c + 15*c**2 - 14 + 23. Let f(h) = -4*a(h) + 9*g(h). Calculate f(8).
-27
Let z(c) = 30143*c**3 - 11*c - 4 - 15086*c**3 - 2 + 10*c**2 - 15058*c**3. Let g = 23 - 14. Determine z(g).
-24
Let o be (-4)/(-12)*-3 + -1. Let w be ((-16)/6)/(o/3 - 0). Let m be 224/(-36) + w/18. Let u(h) = h - 1. Determine u(m).
-7
Let x be (180/9 - -2)/(-1). Let o(j) = -j**2 - 29*j - 114. Give o(x).
40
Suppose 5*g + 40 = -s, g = 10*s - 11*s - 12. Let l(h) = -28*h - 188. Give l(g).
8
Let d(h) = 2*h - 8. Let m(a) = a. Let k(o) = d(o) - 3*m(o). Let y(p) = -3*p**2 + 14*p + 67. Let w be y(25). Let q = 1447 + w. Give k(q).
3
Let a(i) = i**2 - 26*i + 6. Let m be a(26). Let o(w) = 4*w - 8 + w - m*w + 2*w. Suppose 2*b = 2*j + 10, j - 7 + 36 = 5*b. Calculate o(b).
-2
Let g be (-273)/147 - 1/7 - 3. Let z(r) = -r**3 - 5*r**2 - 2*r + 2. Give z(g).
12
Let j(d) = -d**3 - 4*d**2 - d + 5. Let h = -44 + 74. Let l = 32 - h. Suppose u + 12 = -l*u. Give j(u).
9
Let c(h) = 2*h**2 + 12*h - 6. Let d(b) = -b**2 + 90*b - 510. Let s be d(84). Give c(s).
-6
Let d(n) = -n**3 + 6*n**2 + 32*n - 9. Let x(g) = -3*g**3 + 16*g**2 + 91*g - 26. Let f(r) = 17*d(r) - 6*x(r). What is f(-6)?
15
Let s(d) = 19*d - 17. Let w(i) = 11*i - 9. Let h(p) = 3*s(p) - 5*w(p). Suppose -25 = -8*g + 23. What is h(g)?
6
Let j(s) = -5*s**2 - 1. Let m(p) = p**2. Let r(v) = j(v) + m(v). Let k(c) = c**3 + 7*c**2 - 24*c + 61. Let a be k(-10). Calculate r(a).
-5
Let a(v) be the third derivative of v**4/24 - 3*v**3 - 5*v**2. Let g be a(24). Let y(m) = -3 - 2*m + g + 2 - m. Determine y(4).
-7
Let l(t) be the first derivative of -t**5/60 - t**4/12 - 29*t**2/2 + 132. Let w(f) be the second derivative of l(f). Determine w(-1).
1
Let b(v) = 2*v**2 - 4*v + 14. Let t(w) = -3*w**2 + 8*w - 19. Let j(z) = -4*b(z) - 3*t(z). Suppose -3*m + d + 7 = -16, 3*d + 5 = m. Calculate j(m).
1
Let v(r) = 20*r + 21. Let l(c) = 26*c + 28. Let x(m) = -7*l(m) + 9*v(m). What is x(-8)?
9
Let d(a) = 251*a + 40 - 111*a - 144*a. Give d(12).
-8
Let y be 12 - 1710/144 - (1/8 + 2). Let l(p) = -p**2 - 2. Calculate l(y).
-6
Let l(h) = -5*h**2 + 11*h + 11. Let o(b) = 2*b**2 - 4*b - 4. Suppose 169 + 43 = 4*n. Suppose 0 = -n*i + 51*i - 16. Let k(u) = i*o(u) - 3*l(u). Determine k(-5).
-21
Let p(l) = 670*l**3 + 3 - 2 - 5*l**2 - 669*l**3 - 7*l. Let w(g) = -2*g**2 - 16*g - 4. Let x be w(-5). Suppose 0 = -4*d + 50 - x. What is p(d)?
-5
Let v(t) = 21*t + 20*t + 16*t + 10*t - 7 - 61*t. Suppose -2*a + 8 = -c - 3*a, -4*a + 4